+ 4. Let o(c) be the second derivative of -5*c**3/6 - c**2/2 - c. What is the units digit of o(y)?
4
Let n(a) = a**3 + 4*a**2 + 2*a - 2. Let t be n(-2). Suppose 5 = -t*q + 15. Let l(o) = -o**2 + 4*o + 6. What is the units digit of l(q)?
1
Let g(h) = 2*h - 5. Let d be g(6). Let i = d + 5. What is the units digit of i?
2
Let f(b) be the second derivative of -b**4/12 + 4*b**3/3 + b**2 - b. What is the units digit of f(7)?
9
Suppose 4*m = -3*m + 266. What is the tens digit of m?
3
Let p(s) = s**3 - 5*s**2 - 9*s + 4. Let w(x) = -x**3 + 5*x**2 + 8*x - 3. Let g(b) = 3*p(b) + 2*w(b). What is the tens digit of g(7)?
2
Suppose -y + 17 = 4*d, -2*d + y = -3*y - 4. What is the tens digit of (-1)/d*-10*4?
1
Let o(c) = -c + 5. Let t be o(4). Suppose 3 = 2*f + t. What is the units digit of f?
1
Let s = 12 + 0. Suppose -6*b + 3*b = -s. Suppose y + 16 = b*u, -u = -4*u - y + 19. What is the units digit of u?
5
Suppose 9 = -d + 35. What is the tens digit of d?
2
Let a be (2*-17*1)/(-2). Let m be (3 - 2) + a/1. Suppose 4*k = 5*c + m + 13, 5*k = c + 23. What is the units digit of k?
4
Suppose -y = -2*b - 5*y + 72, -5*b = 5*y - 155. What is the units digit of b?
6
Let u be 5/((-5)/(-2)) - 0. What is the units digit of 49/u + (-8)/(-16)?
5
Let f = -786 + 1330. What is the tens digit of (f/(-24))/((-2)/3)?
3
Let f(v) = 2*v**3 - v**2 + 3*v - 2. Let a be f(1). What is the units digit of (3/a)/(12/352)?
4
Let a = 0 + 1. What is the units digit of (-5 - -8) + (0 - a)?
2
Let t = 239 - 51. What is the tens digit of t?
8
Let w = -3 + 14. Let q = 1 + w. What is the units digit of q?
2
Suppose -5*z - 10 + 0 = 0, -4*z = -2*j + 8. Let i(l) = -l + 15. What is the tens digit of i(j)?
1
What is the hundreds digit of (-10 + -324)/(-3 - -2)?
3
Suppose 7 = -5*x - 38. Let m = 3 + x. Let z = 10 + m. What is the units digit of z?
4
Suppose -2*w = 4*v - 1246, 4*v - 2*v - 5*w = 593. What is the units digit of v?
9
Let s(b) = 11*b - 10. What is the units digit of s(5)?
5
Suppose -12 = 5*z - 32. Suppose 5*t - 3*x - 6 = -18, -4*x = -z*t - 16. What is the units digit of (0 - t) + 0 + 1?
1
Let x(m) = 11*m - 50. Let q(l) = -5*l + 25. Let j(o) = 7*q(o) + 3*x(o). What is the units digit of j(0)?
5
Let l(q) = 0 + q - q**2 + 5*q**2 + 2*q**2 - 1. What is the units digit of l(1)?
6
Suppose 3*q - 5*a - 36 = 0, 4*a + 82 = 5*q + 9. What is the tens digit of q?
1
Suppose 15*x = 13*x + 82. What is the units digit of x?
1
Suppose -4*v = -3*a - 35, 2*a + 35 = -v + 6*v. Suppose v*s = 2*s + 15. Suppose -s*t - k + 65 - 18 = 0, 5*k + 26 = 4*t. What is the units digit of t?
9
Let a be (-616)/(-6) + (-1)/(-3). Let x be 10/30 - 1/3. Suppose x = -5*p - 13 + a. What is the units digit of p?
8
Let v(o) = -o. Let z be v(-2). Let b = -4 + z. Let f(s) = s**2 + s. What is the units digit of f(b)?
2
Let i be (22/4 - (0 + 1))*-2. Let n(f) be the second derivative of -f**3/6 + 9*f**2/2 + f. What is the tens digit of n(i)?
1
Let i = -13 - -17. Suppose i*t - 32 = -0*h - 2*h, 46 = 5*t + h. What is the tens digit of t?
1
Suppose -4*t = -5*o - 72, -3*o = 4*t - 2*o - 48. What is the units digit of t?
3
Let l be -6*(1 + 0)*-2. Let b = 14 - l. What is the units digit of b?
2
Let b = 99 - 86. What is the tens digit of b?
1
Let q(a) = a**2 + 2*a - 12. What is the tens digit of q(-9)?
5
Suppose -5*p + a + 8 = 0, 0*p - p - 4*a = -10. Suppose -3*w - 20 = -4*z - 0*w, -z - p*w = -5. What is the units digit of z?
5
Suppose -g + 4*g - 252 = 0. Suppose f - g = -3*f. What is the tens digit of f?
2
Let s be (-37)/2 + (-1)/(-2). Let m = s - -27. What is the units digit of m?
9
What is the tens digit of 4/60*5*33?
1
Suppose p + r - 377 = -2*r, -3*r = 3*p - 1119. What is the units digit of p?
1
Let y(l) = l**2 - 6*l + 3. Let w be y(5). Let r(o) = -o**2 - 2*o - 1. Let a be r(w). Let c = a + 9. What is the units digit of c?
8
Let s = 138 + -96. What is the tens digit of (224/s)/((-1)/(-6))?
3
Let u(l) = l**3 - l**2 + 9. Let a be u(0). Let s = a + 0. What is the units digit of s?
9
Let f = -1 + 17. Suppose -f - 44 = 3*l. What is the units digit of (10/(-25))/(2/l)?
4
Let c(t) = 5*t**2 - 11*t + 11. What is the units digit of c(3)?
3
Let t(d) = -d + 27. What is the tens digit of t(5)?
2
Let q = -2 + 7. Suppose -2*j + q + 1 = 0. What is the units digit of 2/j - (-76)/12?
7
Suppose 0 = -s, -3*b - 7*s = -2*s. Suppose 5*i + 0*i - 10 = b. What is the units digit of i?
2
Let u(s) = -3*s + 44. What is the units digit of u(0)?
4
Let y = -6 - -11. Suppose -y*k = -5*j + 14 + 31, -3*k + 8 = 4*j. Let f = 3 - k. What is the units digit of f?
7
What is the units digit of 26 - 1/((-3)/6)?
8
Let i be 1/(-3) + (-10)/15. Let f be 85 - -2*(-2 - i). What is the tens digit of (-2)/(-5) + f/5?
1
Let w(x) be the third derivative of x**6/120 - 11*x**5/60 - 3*x**4/8 - 5*x**3/3 - 9*x**2. What is the units digit of w(12)?
6
Let h(n) = -68*n - 68. What is the hundreds digit of h(-6)?
3
Let c(k) = -1. Let p(m) = -m - 14. Let v(j) = 4*c(j) - p(j). What is the units digit of v(0)?
0
Let p = -58 + 91. Let g = -46 + p. Let b = g - -20. What is the units digit of b?
7
Let c(s) = s - 1. Let z(l) = -5*l + 12. Let q(x) = -6*c(x) - z(x). Let y be q(-6). Suppose -15 = -5*g - y. What is the units digit of g?
3
Suppose -2*c + 8 = 2*b, -3*b + c + 6 = 2. Suppose 0 = 2*i - 5*g + 7, i - 2*g = -i + b. Let z = i - 3. What is the units digit of z?
1
Suppose -2*p = -4 + 8. What is the tens digit of (-1 - 1)/(p/22)?
2
Let s be ((-9)/(-3))/(3/19). Suppose g - 2*r - 12 = 0, -s = 3*g + r + 4*r. Suppose g*t = -5*u + 37, 4*t + u = 47 - 0. What is the tens digit of t?
1
Let r = -2 - -34. What is the tens digit of r?
3
Suppose -2*l - 4 = -2. What is the units digit of 4 + 1 + (l - -3)?
7
Let y(h) = h - 7. Let j be y(8). Suppose -2 = -k + j. What is the units digit of 2*-1*k/(-6)?
1
Let b(l) = l**2 - 2*l - 3. Let d be b(-2). Suppose -3*r + 15 = 3*h - 12, 35 = 3*h - d*r. What is the tens digit of h?
1
Let l(j) = j**2 + 2*j + 4. Suppose -3*f = -7*f + 12, 4*a + 7 = 5*f. Suppose 5*w = a*w - 9. What is the units digit of l(w)?
7
Let j(d) = -d**2 - 14*d - 4. What is the tens digit of j(-10)?
3
Let q = 54 - 48. What is the units digit of q?
6
Let g = 9 - 6. Suppose 0 = g*l + 6, -2*l - 60 = i - 5*i. What is the tens digit of i?
1
Suppose 4*w + 157 = -5*u - 33, 2*w - 58 = 2*u. Let y = u + 52. What is the units digit of (y/10)/((-4)/(-20))?
9
Suppose 8*j - 5*j = 87. What is the tens digit of j?
2
Suppose 15 = 5*f, -2*f - 3 = -b - 4*f. Let v be 66/9 + (-2)/b. Suppose 3*g + 25 = v*g. What is the units digit of g?
5
Suppose -3*y + 77 = -4*q, 3*y = -q - 2*q + 84. Suppose -4*i + y + 17 = 0. What is the tens digit of i?
1
Let y(z) = -z**3 - 2*z**2 + 4*z - 1. Let c be (-3)/(6/(-4))*-2. What is the tens digit of y(c)?
1
Let h(g) = -g - 5. Let u be h(-4). Let w be u - (1 - -9)/(-2). What is the units digit of (-2)/w*(-2 - 10)?
6
Suppose -6*f + 173 + 73 = 0. What is the tens digit of f?
4
Suppose -2*a + 3*k = -7*a + 24, 2*k - 15 = -3*a. Suppose -a*j + 1 = -2*j + h, 3*j - 4*h = 24. What is the units digit of (-2)/(-3) + j/3?
2
Let d(n) = 5*n + 1. Let k be d(5). What is the units digit of k/4 - (-18)/12?
8
Let t be (6 + 39)/(3/2). Suppose 0 = j + j - t. What is the units digit of 36/(-14)*(-70)/j?
2
What is the hundreds digit of 2821/8 - (-3)/8?
3
Suppose 0 = -b + 16 + 14. Let h = -17 + b. What is the units digit of h?
3
What is the tens digit of ((-2)/6)/(16/(-6000))?
2
Let t = -2 - -5. Suppose 2*u + t + 9 = o, 0 = -o - 3*u + 2. What is the units digit of o?
8
Suppose 4*x - 64 = 108. What is the tens digit of x?
4
What is the tens digit of (6 - 4) + (0 - -12)?
1
Let y(i) = 2*i**3 + 3 - 2*i**2 - 2*i**3 - i**3 - 4 + 3*i. Let a be y(-3). Let b = a + 3. What is the units digit of b?
2
Let x(v) = -53*v**3 + 3*v**2 + 2*v. What is the tens digit of x(-1)?
5
Suppose 7*n - 5*p - 667 = 4*n, 866 = 4*n - 2*p. What is the tens digit of n?
1
Suppose -2*w - 3 = -3*w. Suppose 108 = 4*q + 4*z, 5*z = -0*q - w*q + 79. What is the units digit of q?
8
Suppose 0 = -2*q + 98 + 90. What is the tens digit of q?
9
Let u = -1 - -3. Let v(l) = u - 2*l - 1 - 2*l. What is the units digit of v(-2)?
9
What is the units digit of ((-1 - -3) + -1)/(3/243)?
1
Let t be (0 - -5)*(-4)/(-5). Let g(m) = 7*m**3 - m**2 - m + 2. Let v be g(1). Suppose -t*u + 23 = v. W